e 7.
-53
Convert -1110101111 (base 2) to base 9.
-1257
Convert -1303 (base 10) to base 4.
-110113
What is -345 (base 9) in base 5?
-2114
3062 (base 10) to base 8
5766
What is 11313 (base 7) in base 15?
cd6
Convert 602 (base 9) to base 16.
1e8
Convert -210301 (base 4) to base 3.
-10020011
What is -60bb (base 15) in base 13?
-93b3
-2442 (base 9) to base 12
-1078
-a5d (base 14) to base 4
-133323
-3b8 (base 14) to base 11
-622
-251 (base 11) to base 9
-361
What is 6265 (base 9) in base 5?
121340
Convert 237 (base 15) to base 3.
200121
-1a56 (base 11) to base 15
-b87
Convert 928 (base 12) to base 11.
aa8
Convert -200120 (base 3) to base 9.
-616
What is 541 (base 15) in base 7?
3313
What is 2601 (base 13) in base 15?
1909
What is -24612 (base 7) in base 2?
-1100101001101
Convert 114b (base 15) to base 10.
3671
What is -1167 (base 12) in base 7?
-5455
Convert 201103 (base 4) to base 13.
c7c
What is 31 (base 6) in base 8?
23
1443042 (base 5) to base 14
b43c
Convert -13023210 (base 4) to base 5.
-1420122
-31011111 (base 4) to base 6
-1052033
What is 101221 (base 4) in base 15?
504
-2975 (base 10) to base 15
-d35
Convert 1944 (base 11) to base 2.
100110100100
Convert 54024 (base 7) to base 10.
13395
-67a (base 11) to base 6
-3433
Convert -1001100000001 (base 2) to base 8.
-11401
Convert -2017 (base 15) to base 14.
-267a
What is -4a3 (base 14) in base 16?
-39f
Convert 12234 (base 6) to base 13.
aa2
Convert -243 (base 16) to base 14.
-2d5
Convert -731 (base 9) to base 2.
-1001010011
Convert -5445 (base 6) to base 12.
-885
What is 1041131 (base 5) in base 8?
43563
What is 694 (base 14) in base 10?
1306
What is 3043 (base 7) in base 2?
10000100100
-10101111000001 (base 2) to base 4
-2233001
What is -12350 (base 7) in base 2?
-110011000101
Convert 325 (base 14) to base 2.
1001101101
Convert 31431 (base 5) to base 2.
100001000100
What is -14101 (base 6) in base 8?
-4225
Convert -2130 (base 9) to base 6.
-11130
Convert -34034 (base 5) to base 14.
-c30
What is -418 (base 11) in base 12?
-35b
12020 (base 3) to base 13
ab
Convert 2c08 (base 16) to base 5.
330042
Convert 1a1 (base 11) to base 10.
232
What is -823 (base 9) in base 4?
-22131
Convert -135d (base 15) to base 13.
-1b64
8dc (base 14) to base 7
5065
1111101110 (base 2) to base 3
1101021
What is -21113 (base 4) in base 5?
-4344
-203333 (base 4) to base 12
-13bb
Convert -255032 (base 6) to base 8.
-55134
Convert -101241 (base 5) to base 7.
-12453
2c54 (base 14) to base 11
5a45
Convert -3a (base 14) to base 10.
-52
Convert 3d42 (base 16) to base 2.
11110101000010
3c6 (base 13) to base 9
823
1096b (base 12) to base 2
101011001100011
What is -440 (base 6) in base 8?
-250
-100020002 (base 3) to base 8
-15105
122203 (base 5) to base 16
1246
c9d (base 15) to base 9
3814
Convert -332663 (base 7) to base 16.
-e519
9073 (base 12) to base 3
210110020
Convert -37a (base 14) to base 7.
-2013
What is -55 (base 12) in base 8?
-101
Convert -428 (base 10) to base 7.
-1151
Convert 27225 (base 9) to base 7.
104450
247 (base 16) to base 13
35b
Convert 4444 (base 12) to base 7.
30661
247 (base 11) to base 10
293
-1406 (base 8) to base 5
-11044
-b2 (base 13) to base 7
-265
What is 1b88 (base 12) in base 3?
11200112
Convert -1211102111 (base 3) to base 11.
-25086
Convert 108c (base 13) to base 10.
2313
What is 644 (base 8) in base 12?
2b0
Convert -1340114 (base 5) to base 8.
-65616
Convert -13b (base 13) to base 14.
-119
Convert 10720 (base 9) to base 8.
15752
Convert -66202 (base 8) to base 12.
-140aa
What is 16161 (base 9) in base 16?
2b3f
Convert -177 (base 10) to base 4.
-2301
Convert 4120 (base 5) to base 10.
535
1001001111 (base 2) to base 8
1117
1d5 (base 14) to base 15
1a8
-53040 (base 9) to base 2
-1000100011010100
-503 (base 8) to base 3
-102222
What is 1441 (base 13) in base 4?
231232
What is 24 (base 13) in base 16?
1e
-a42 (base 11) to base 8
-2350
Convert 521351 (base 6) to base 4.
22031203
What is 1326d (base 14) in base 9?
71584
Convert -12a35 (base 12) to base 15.
-7918
-1e8 (base 15) to base 5
-3233
Convert 980a (base 11) to base 4.
3022131
What is -1405 (base 10) in base 9?
-1831
What is -1012011 (base 4) in base 2?
-1000110000101
71 (base 8) to base 7
111
-2103 (base 4) to base 3
-12110
What is -409 (base 11) in base 16?
-1ed
2241 (base 6) to base 5
4104
Convert -13726 (base 14) to base 6.
-1010250
What is 5301 (base 16) in base 7?
115644
Convert 63b (base 14) to base 6.
5405
Convert 10867 (base 9) to base 3.
100222021
Convert a58 (base 12) to base 16.
5e4
What is 6939 (base 10) in base 5?
210224
43436 (base 8) to base 7
104036
What is 30330120 (base 4) in base 8?
147430
-331 (base 4) to base 8
-75
What is 22220202 (base 3) in base 13?
2c60
Convert -62514 (base 8) to base 3.
-1022120110
Convert 255034 (base 7) to base 15.
e074
Convert 40200 (base 5) to base 12.
1586
What is -22050 (base 6) in base 2?
-101111101110
What is -251 (base 14) in base 12?
-327
What is -27801 (base 9) in base 10?
-18874
136214 (base 7) to base 4
12121001
Convert 1a51 (base 11) to base 6.
20005
602 (base 7) to base 13
19a
What is -12bb (base 12) in base 11?
-1693
What is -3127 (base 10) in base 12?
-1987
What is -a0b (base 13) in base 16?
-6a5
Convert d56 (base 16) to base 14.
135c
Convert -543 (base 9) to base 16.
-1bc
2a129 (base 12) to base 3
2222211120
898 (base 10) to base 13
541
Convert 311434 (base 5) to base 13.
4880
28 (base 14) to base 16
24
-124403 (base 6) to base 13
-5244
Convert -7a8 (base 13) to base 15.
-5d1
Convert -9685 (base 14) to base 11.
-18587
-c4 (base 16) to base 5
-1241
What is -13331302 (base 4) in base 11?
-22570
101111010 (base 2) to base 15
1a3
-1d4 (base 14) to base 4
-11332
What is 2130 (base 8) in base 16?
458
What is -15531 (base 6) in base 5?
-40300
What is 211000 (base 3) in base 8?
1122
Convert a45 (base 13) to base 11.
1349
1000010010 (base 2) to base 9
648
-1000001 (base 3) to base 15
-33a
Convert -1010111000100110 (base 2) to base 7.
-243656
Convert -5022 (base 11) to base 10.
-6679
What is -20022 (base 4) in base 6?
-2230
Convert 6aa (base 13) to base 10.
1154
Convert -100102210 (base 3) to base 10.
-6879
Convert 20110 (base 6) to base 4.
221022
Convert -144 (base 10) to base 5.
-1034
1151 (base 6) to base 4
10123
Convert -2222002 (base 3) to base 9.
-2862
Convert 2221 (base 4) to base 11.
144
Convert 2766 (base 8) to base 2.
10111110110
What is -6678 (base 13) in base 6?
-150103
What is -340304 (base 5) in base 6?
-131202
Convert 4450 (base 8) to base 2.
100100101000
Convert 10321 (base 4) to base 2.
100111001
What is 13502 (base 8) in base 6?
43322
Convert -1021 (base 7) to base 3.
-111021
What is -200130 (base 4) in base 16?
-81c
-25112 (base 8) to base 15
-331b
Convert -44348 (base 11) to base 12.
-31267
What is -445205 (base 6) in base 3?
-1220100212
3503 (base 6) to base 16
33f
What is -2434 (base 5) in base 9?
-450
What is 410 (base 12) in base 3?
210210
-100233 (base 4) to base 5
-13241
What is -1132 (base 11) in base 5?
-21422
12412 (base 10) to base 7
51121
Convert -1200210 (base 3) to base 10.
-1236
-169 (base 14) to base 9
-351
Convert -328 (base 12) to base 11.
-392
What is -658 (base 9) in base 11?
-450
What is -3fa6 (base 16) in base 2?
-11111110100110
Convert 1414 (base 5) to base 7.
453
What is 21142 (base 6) in base 14?
1090
Convert 764 (base 10) to base 11.
635
What is -45214 (base 6) in base 15?
-1d31
2337 (base 8) to base 5
14442
Convert -125412 (base 6) to base 5.
-332400
21112210 (base 3) to base 14
2010
Convert dd5 (base 16) to base 14.
140d
Convert 11001000111 (base 2) to base 12.
b1b
Convert 21230 (base 5) to base 4.
112200
-9c5 (base 16) to base 13
-11a5
Convert -53860 (base 10) to base 11.
-37514
What is -183 (base 11) in base 3?
-21212
Convert -233423 (base 6) to base 2.
-100111100010111
Convert 12736 (base 8) to base 4.
1113132
Convert -4c4 (base 13) to base 16.
-344
What is 1ed (base 15) in base 2?
111000000
What is -751 (base 10) in base 4?
-23233
640 (base 11) to base 12
542
-bb95 (base 15) to base 3
-2000111212
332 (base 4) to base 12
52
What is 114102 (base 5) in base 4?
1002311
730 (base 10) to base 16
2da
Convert -3414 (base 6) to base 9.
-1081
Convert -732 (base 9) to base 4.
-21110
What is 1120211 (base 3) in base 10?
1156
-7172 (base 13) to base 10
